). Let o be (0/5)/(2 - s). Let c(a) = a - 4. What is c(o)?
-4
Let a(l) = -l**2 - 22*l - 83. Let m be a(-17). Let f(b) = 0 + b - 1 - 4*b**2 + 3*b**2. What is f(m)?
-3
Let u(h) be the third derivative of -h**4/24 + 2*h**3 + 5*h**2. Give u(6).
6
Let s = 36 - 77. Let k be s/(-4) + (-4)/16. Let f be 15/k + 2/(-4). Let y(o) = -4*o**2 - o + 1. Calculate y(f).
-4
Let p(n) = n**2 - 6*n + 3. Let o(x) = 2*x**2 + 4*x + x + 1 - 3*x. Let l be o(-2). Determine p(l).
-2
Let x(r) = -r**2 + 16*r + 2. Let n be x(16). Let m(q) = 5 + q**2 - q - 6 - n. Give m(3).
3
Let j(n) be the first derivative of n**4/4 + n**3/3 + n**2/2 - 9*n + 6. Let l = -7 + 7. Determine j(l).
-9
Let d(f) be the second derivative of -f**5/120 + 3*f**4/8 + 4*f**3/3 - 2*f. Let x(k) be the second derivative of d(k). Calculate x(5).
4
Let d(i) = -3*i**2 - 5*i - 5. Let c(q) = 16*q**2 + 24*q + 25. Let b(j) = -2*c(j) - 11*d(j). What is b(-4)?
-7
Let t(w) = -4*w + 1. Let j be t(1). Let v(g) = 2 + 2 + 3 - 4*g. Let l(f) = 3*f - 5. Let q(c) = 7*l(c) + 5*v(c). Calculate q(j).
-3
Let q = 8 - 7. Let v(n) = -9*n**3 - 6*n**2 - 5*n. Let f(j) = -j**3 - j**2 - j. Let m(i) = q*v(i) - 4*f(i). What is m(-1)?
4
Let x(p) be the third derivative of 0*p + 0 - 1/60*p**5 - 1/8*p**4 + 7/6*p**3 - 3*p**2. Give x(-5).
-3
Suppose -5*j - 10 = -25. Let d(g) be the second derivative of -1/2*g**j + 4*g + 1/2*g**2 + 0. Give d(1).
-2
Let h(j) = 3*j - j - 1 - 5*j + 2*j. Give h(-2).
1
Let l be 24/(-18) - (-1)/3. Let q = -1 - l. Let o(y) = 4 + q + 3*y - 1 - y**3. Calculate o(-2).
5
Let s(p) = -2*p**3 + 6*p**2 + 3*p + 5. Let y(k) = -k**3 + k**2 + 1. Suppose -4*q - q - 15 = 0. Let j(r) = q*y(r) + s(r). Give j(-3).
-7
Let y(u) = 3*u**2 - 2*u**2 + 9*u - 13*u + 1. Give y(5).
6
Let o(g) be the first derivative of g**3/3 - g**2/2 + g + 33. Give o(0).
1
Suppose 0*n = -n - 5. Let i(s) = s + 2. Let m be 3/4 + (-11)/4. Let l(p) = -3*p - 7. Let q(h) = m*l(h) - 7*i(h). Determine q(n).
5
Let q(l) = -l + 24. Let o be q(23). Let x(c) be the third derivative of 7*c**5/60 + c**2. Calculate x(o).
7
Let i(q) = -14*q - 8. Let s(w) = 5*w + 3. Let f(m) = 4*i(m) + 11*s(m). Let t(g) = -g**3 - 3*g**2 + 10*g - 3. Let z be t(-5). What is f(z)?
4
Let o be (-1 + -1)/((-2)/(-6)). Let s(f) = -f**2 - 11*f + 4. Let r(v) = 4 - v - 1 - 2. Let l(i) = 6*r(i) - s(i). Give l(o).
8
Let o(h) = -h**2 + 2*h - 3. Let p(j) = j**3 + 3*j**2 - 3*j + 8. Let c be p(-4). Calculate o(c).
-11
Let b(c) = -c. Let g(h) = h**2 - 11*h + 5. Let p(s) = -5*b(s) + g(s). Let w be (-3)/((-9)/(-3)) - -5. What is p(w)?
-3
Let d(f) = 60*f**3 + 2*f**2 - f**2 + 3 - 4*f**2 + 3*f - 61*f**3. Determine d(-4).
7
Suppose 0 = d + o - 1, -2*d + 20 = 3*d + 2*o. Let g(l) = -l**2 + 7*l - 6. Calculate g(d).
0
Let i be (-20)/2*2/(-4). Let c(x) be the first derivative of -3 + 1/4*x**4 + x - 3*x**2 - 4/3*x**3. Determine c(i).
-4
Let r(m) = -6*m - 1. Let o(i) = -30*i - 6. Let v(c) = -2*o(c) + 11*r(c). What is v(1)?
-5
Let r = -2 - 2. Let i(b) = -b. Let s(p) = -2*p + 2. Let u(a) = 3*i(a) - s(a). Calculate u(r).
2
Let z(s) be the first derivative of -s**4/4 - 2*s**3/3 + s**2/2 + 2*s + 80. Let q be (2/(-5))/((-1)/(-5)). Give z(q).
0
Let p(f) = -f**3 - 8 - 7*f**2 + 0*f**3 + 0*f**2 + 0*f**3 - 7*f. What is p(-6)?
-2
Let f = 14 - 11. Let d = 8 - f. Let o(h) = 4 - 5*h - 1 + 6*h - d. Give o(6).
4
Let f(v) be the second derivative of v**5/20 - v**4/12 + v**3/6 + v**2/2 + 3*v. Let c(m) = -15*m**3 + 4*m**2 - 5*m - 4. Let t(s) = c(s) + 5*f(s). What is t(-1)?
10
Let t = 89 + -87. Let y(i) = -i**3 + i**2 - 2*i. Calculate y(t).
-8
Suppose -21 = 3*n + 3*a, -4*a - 5 = 3. Let z(v) = -v. Determine z(n).
5
Let u(p) be the first derivative of -p**4/4 + p**3/3 + p**2/2 - 7*p - 1. Let a = -58 + 58. What is u(a)?
-7
Let a(x) = x - 12. Let v = -4 + 2. Let c = -5 - v. Let h(y) = 2*y**2 + 5*y + 3. Let m be h(c). Give a(m).
-6
Suppose -6*z + 3*z = -18. Let d(m) = -3*m + 12. Let c be d(z). Let l(y) = y**3 + 7*y**2 + 7*y + 1. Give l(c).
-5
Let r(z) = 3 - 3*z**2 - 16*z - 1 + 15*z. Determine r(-3).
-22
Let n(r) = 4*r + 9. Let c(k) = -7*k - 17. Let b(l) = 6*c(l) + 11*n(l). What is b(2)?
1
Let p = -946 - -941. Let v(h) = 5*h**2 + 4*h - 11. Let q(l) = 6*l**2 + 4*l - 12. Let i(k) = 4*q(k) - 5*v(k). What is i(p)?
2
Let y(k) = -k**3 - k - 10. Suppose 3*i + s = 0, 0*s + 4*s = -2*i. Give y(i).
-10
Let w = -31 - -26. Let x = -5 + 7. Let q(m) = -3*m**2 - 4 + 3*m + 2*m + 4*m**x. Calculate q(w).
-4
Let x(l) be the second derivative of l**2 - 6*l + 1/3*l**3 + 0. What is x(3)?
8
Suppose -8 = 5*y - 28. Let z(w) = 5*w - 3*w - w**2 - 3*w + 5*w. Determine z(y).
0
Let z(p) = -p**2 - 2*p. Let q(k) = -7*k. Let a be q(1). Let w = a - -3. Let d = w - -2. Give z(d).
0
Let m(q) = -q**3 + q**2 - 1. Suppose v = -4*o + 12, 4*v - 10 = 3*o - 0*v. Give m(o).
-5
Let n(h) = -h**3 - 2*h**2 + h - 2. Suppose -v + 6 + 11 = 5*b, -4*b - 2*v = -16. Let t be (5 - 6/b)/(-1). What is n(t)?
4
Let c(z) = -5*z**3 + 3*z**2 - 19*z + 3. Let r(f) = -2*f**3 + 2*f**2 - 9*f + 1. Let m(i) = 3*c(i) - 7*r(i). Determine m(-6).
2
Let h(x) = x**3 - 10*x**2 - 7. Let l be h(10). Let s(u) be the first derivative of -u**3/3 - 4*u**2 - 3*u - 1. Determine s(l).
4
Let m(v) be the first derivative of 1/2*v**2 + 0*v + 2 + 1/8*v**4 + 1/60*v**5 - 2/3*v**3. Let n(u) be the second derivative of m(u). Determine n(-3).
-4
Let j(h) = h. Let m = -126 + 135. Give j(m).
9
Let d be 6 + -3 - (1 - 1). Let q(k) = 3*k - 1. Determine q(d).
8
Let b = 1 + 29. Let y be 2/(-10) + 6/b. Suppose o + 3 - 6 = y. Let v(t) = 2*t - 4. Calculate v(o).
2
Let l(p) = p**3 - 4*p**2 + 3. Let x be (8/2)/((-4)/(-3)). Calculate l(x).
-6
Let d(o) = o**3 - 5*o**2 - 6*o. Let b(m) = -m + 2. Let i be -1 - (6/(-3) - -5). Let c be b(i). Calculate d(c).
0
Let k(v) = v**2 - 10*v + 12. Let y be (-2 + -2)*-1 - (0 - 4). What is k(y)?
-4
Let w(f) = -f**2 + f + 3. Suppose 21*u = 28*u. What is w(u)?
3
Let n(o) = -2*o**2 - 2*o + 3. Let j be (87/12 + -8)/(3/(-8)). Give n(j).
-9
Let o(i) = -4*i**3 - i**2 - i - 1. Let j = -1 - -2. Let v = 0 + j. Let t = 0 - v. What is o(t)?
3
Let x(s) = s**2 + 2*s - 6. Let w(i) = -3*i + 7. Let p(y) = 4*w(y) + 5*x(y). Give p(2).
14
Let b(j) = j**3 - 6*j**2 - 3*j**2 + 3*j**2 - 7*j + j**2. Let l(m) = m**2 + 11*m - 6. Let d be l(-12). Determine b(d).
-6
Let x(w) = -w**3 - 2*w**2 + w - 1. Let q(p) = -3*p**2 - p - 1. Let y(g) = 7*g**2 + 3*g + 1. Let h(a) = 5*q(a) + 2*y(a). Let c be h(0). Determine x(c).
5
Let w be (5/(-3))/((-2)/6). Let r(q) = 3*q + q + q - q - 2 - q**2. What is r(w)?
-7
Let f(m) = 1 + m - 2*m**2 - 10*m**3 - m**2 + 2*m**2 - 2*m**3. Give f(-1).
11
Suppose 3*m - 4 = 5*m. Let q(c) = -4*c**3 + 14*c**2 + 11*c + 2. Let k(z) = -2*z**3 + 8*z**2 + 6*z + 1. Let g(r) = -7*k(r) + 4*q(r). What is g(m)?
13
Let j be (5 + -2)*(6 - 7). Let y(t) be the first derivative of t**3/3 + t**2 - 4*t + 1. Give y(j).
-1
Let k(a) = -6*a - 34. Let h be k(-7). Let m(y) = -2*y. What is m(h)?
-16
Let x(c) = -5*c**3 - 5*c**2 - 11*c + 2. Let j(s) = 4*s**3 + 6*s**2 + 10*s - 2. Let o(a) = 4*j(a) + 3*x(a). What is o(-8)?
6
Suppose -3*l = j + 2, 2*l + 2 = 3*l + j. Let y = 0 - 6. Let i(m) = 5*m**2 - 3*m + 3. Let s(a) = -11*a**2 + 6*a - 7. Let f(q) = y*s(q) - 13*i(q). Determine f(l).
1
Suppose -5*z - 3*d - 5 + 1 = 0, 5*z - 4*d - 17 = 0. Let j(u) = -2 + 2 + u**2 - 4 + z. Calculate j(0).
-3
Let p(q) = -q - q**3 - 5*q + 3*q**2 + 5*q. Let g(l) = l**3 - 4*l**2 - 5*l + 2. Let r be g(5). Calculate p(r).
2
Let i(m) = -3*m**3 + m**2 - 6*m**2 + 4*m**3 - 6. Let d(y) be the first derivative of y**2/2 + y + 3. Let j be d(4). Give i(j).
-6
Let w(j) = 2*j + 2. Suppose 4*f = 0, -f = 5*g - 3*g. Suppose g = -0*x - 2*x. Suppose i - 5 + 1 = x. What is w(i)?
10
Let m(q) = -q**3 + 5*q**2 - 5*q. Let n = 11 + -7. Determine m(n).
-4
Suppose 0 = 4*t - 11 - 25. Suppose -f - t = -4*f. Let j(n) = -2*n**2 + 5*n - 4. Calculate j(f).
-7
Let k be (-39)/26 - 3/2. Let w(j) be the third derivative of 1/24*j**4 + 0*j + 2*j**2 + 0 + 1/3*j**3. What is w(k)?
-1
Suppose 12 = -0*k + 3*k. Let i(m) = 4*m - 7. Let t(z) = -4*z + 10. Let p(d) = d - 1. Let h(q) = -3*p(q) + t(q). Let c(o) = 3*h(o) + 5*i(o). What is c(k)?
0
Let x(h) = -2*h + 4. Let m be x(-4). Suppose 0 = -3*u - 0*u + m. Suppose 0*n = -4*b + u*n, 0 = -5*b - 3*n - 32. Let c(w) = -2*w**2 - 6*w - 2. Calculate c(b).
-10
Let z(k) = -k - 1. Let l(o) 